 x. What are the prime factors of g?
2, 3
Let s = 76 + 24. Suppose 2609 = 35*x - 1066. Suppose 5*u = 3*k + x, -5*u + 4*k + s = -0*k. List the prime factors of u.
2, 3
Let u be (-19)/(-2) - 8/(-16). Let s be 20/6*15/u. Suppose s*w + w = 186. What are the prime factors of w?
31
Let c(t) = 140*t + 730. What are the prime factors of c(18)?
2, 5, 13
Suppose -5*l + 273 = 18. Let y(s) = -s**3 - 9*s**2 + 10*s + 2. Let p be y(-10). Suppose p*o - l = -o. What are the prime factors of o?
17
Suppose -2*b + 5 = -2*z - 3, -2*b + 6 = -z. Suppose -3*o = b*o + 5*c - 205, -4*o + 5*c = -209. What are the prime factors of o?
2, 23
Suppose -d - 95 = 4*r, -15 = -2*r + 3*r + 2*d. List the prime factors of 133 + (28/49 - r/(-7)).
2, 5, 13
Let w be (112/10)/(9/(-180)). Let l = -141 - w. Let r = l + -47. List the prime factors of r.
2, 3
Let y = -96 + 152. Suppose 3*c = 88 + y. List the prime factors of c.
2, 3
Let z(g) = g**2 - 19*g + 27. Suppose 2*t = -0*t. Suppose h - 3*u - 30 = -t*h, 0 = -2*h + 4*u + 52. List the prime factors of z(h).
3
Let r be (-342)/(-66) - 2/11. Suppose 3*p - p = -4*d + 160, -203 = -r*d - p. What are the prime factors of d?
41
Suppose 0 = -j + 4*w + 620, -5*w + 1910 = 3*j - 7*w. List the prime factors of j.
2, 5
Let d(p) = p**2 - 6*p + 3. Let k be d(7). Suppose k*g + 12 = 12*g. What are the prime factors of g?
2, 3
Let u(m) = 7*m**2 - 7*m - 9. Let w(v) = 6*v**2 - 8*v - 8. Let z(i) = 5*u(i) - 6*w(i). What are the prime factors of z(9)?
3, 13
Suppose -3*m - 412 = -2*d, -d - 2*m + 233 - 41 = 0. List the prime factors of d.
2, 5
Let x = -1599 + 2845. List the prime factors of x.
2, 7, 89
Suppose -y - 3*y = 0, -3*p - 3*y + 12 = 0. Suppose d + 2*o = 33 + 87, -p*d = 4*o - 460. List the prime factors of d.
2, 5, 11
Let g be (4 + 1)*45/(-75). Let v be 33/9 + (-1)/g. Suppose 11 + v = 3*o. What are the prime factors of o?
5
Let z be 4/14 - 312/(-84). Let v = -9 - -13. Suppose v*m - 128 = z*o - 20, -m = -2*o - 25. What are the prime factors of m?
29
List the prime factors of (25 - 6 - -1)*50/2.
2, 5
Suppose -5*w + 6 = -3*w. Suppose -7*b = -4*s - w*b + 220, -54 = -s + 2*b. List the prime factors of s.
2, 7
Let t = 124 - 160. Let w = t - -143. List the prime factors of w.
107
Let f = -281 - -318. What are the prime factors of f?
37
Let z = -365 - -647. What are the prime factors of z?
2, 3, 47
Let g = -16 - -12. Let r be 42 + g + (1 - -2). Suppose -c + r = 13. What are the prime factors of c?
2, 7
Let x = 2226 - 565. List the prime factors of x.
11, 151
Suppose -8*x + 25*x - 12920 = 0. What are the prime factors of x?
2, 5, 19
Let h(f) = f**3 - 8*f**2 + 8*f + 12. Let g be h(4). List the prime factors of (-23*(1 - 0))/(g/240).
2, 3, 23
What are the prime factors of (-2)/((-2)/(-200)*43/(-86))?
2, 5
Let v(w) = 2*w**2 + 22*w + 6. What are the prime factors of v(-16)?
2, 83
Let q = -159 + 256. Suppose q = s - 0*s. List the prime factors of s.
97
Suppose 1218 + 612 = 5*m - 4*r, -4*m + 2*r = -1458. List the prime factors of m.
2, 181
Let v be (-18)/(-81) + 2/(-9). Suppose v = -8*o - 117 + 1101. List the prime factors of o.
3, 41
Let s = 73 - 46. What are the prime factors of (141/(-9))/((-3)/s)?
3, 47
Let d = -146 - -1461. What are the prime factors of d?
5, 263
Let h be (-7 + 0)*(-68)/119. Suppose -h*f - a + 177 = 13, 4*a + 184 = 5*f. List the prime factors of f.
2, 5
Let r(x) = -6*x**3 - x**2 - 2*x - 2. Let j = -11 - -14. Suppose -3 = -0*d + j*d. What are the prime factors of r(d)?
5
Let n(d) = -13*d - 4. Let x = 1 - 5. Let h(s) = 144*s + 45. Let m(z) = x*h(z) - 45*n(z). What are the prime factors of m(1)?
3
Let r = 3 + -5. Let a be r/2*-3 + 2. Let k = a + 3. List the prime factors of k.
2
Suppose -130*x = -131*x + 1968. What are the prime factors of x?
2, 3, 41
Suppose 24 = -32*j + 38*j. Suppose 0 = 2*a - 10, -2*d + a - j*a = -479. What are the prime factors of d?
2, 29
Let i be (6/10)/((-5)/(-1475)). Suppose -i = 4*y + 51. What are the prime factors of 2/(y/(-18) + -3)?
2, 3
Suppose 6247 + 929 = 24*l. List the prime factors of l.
13, 23
Let u(x) = 201*x - 395. List the prime factors of u(3).
2, 13
List the prime factors of 11 + (-44)/2 - -4008.
7, 571
Suppose -4*h - 5*n = -25, 0 = -4*h + 2*h - 2*n + 12. Suppose 616 + 384 = h*g. Suppose g = 3*w - b, 0*w + 124 = 2*w + 4*b. List the prime factors of w.
2, 3, 11
Let d = -45 + 61. Suppose -d = -4*c, g + 2*g - 672 = -3*c. What are the prime factors of g?
2, 5, 11
Suppose 25328 = -57*h + 163268. List the prime factors of h.
2, 5, 11
Let l(y) = 11*y**3 - 10*y**2 + 9*y - 30. List the prime factors of l(5).
2, 3, 5, 19
Let o(g) = -g**3 - 10*g**2 + 35*g + 6. What are the prime factors of o(-18)?
2, 3, 41
Let j be 1 - ((-1 - 3) + 3). Suppose 3*w - 394 = w + j*q, -5*q - 597 = -3*w. What are the prime factors of w?
2, 97
List the prime factors of (-38565)/(-30)*4/6.
857
Let n(f) = 16*f - 13 + 5 + 9. What are the prime factors of n(1)?
17
Suppose 6*c = 2*c + 8. Suppose 0 = -f - 3*n - 17, -f = -4*n + c*n - 8. What are the prime factors of f/(-11) + (-7230)/(-165)?
2, 11
Let g(h) = 2*h. Let s be g(2). Suppose 0*n + s*n - 312 = 0. What are the prime factors of n?
2, 3, 13
Let w(n) = 3*n**2 + n - 1. Let i be w(4). Suppose 5*v = 2*g - 3*g + 15, 5*g + v = 3. Suppose 3*r - i = -g*r. List the prime factors of r.
17
Let r(z) = 2*z**2 - 6*z + 3. Let k be r(2). Let a(j) be the second derivative of 3*j**4/2 - j**3/6 - j**2/2 + j. List the prime factors of a(k).
2, 3
Suppose -5*t = -3*v - 26 - 3, 5*t - 17 = -v. Let z = 23 - t. Suppose 0 = 3*a + 3*p - 42, 4*a + 2*p = 37 + z. What are the prime factors of a?
2, 7
Let s(u) be the first derivative of -u**2/2 + 7*u + 11. What are the prime factors of s(-5)?
2, 3
Let n be (-2)/(-4)*2 + 29. Suppose -2*c = 4*b - 66, 3*b + 34 = 2*c - b. Let g = c + n. What are the prime factors of g?
5, 11
Let a(p) = p + 2. Let u be a(0). Suppose 2*k - 4*f + 309 = 5*k, -103 = -k - u*f. Suppose -3*l = -3, k = 3*j + 3*l - 8*l. What are the prime factors of j?
2, 3
Let c(a) = a**3 - 23*a**2 + 29*a + 52. What are the prime factors of c(24)?
2, 331
Let u = 40 - 14. Suppose -4*m + u = 5*i, -4*i - 3 = 2*m - 25. What are the prime factors of i?
2, 3
Let t(d) = -13*d + 26. Let x be -9 + 12/(-3 - -7). What are the prime factors of t(x)?
2, 13
Let i(v) be the second derivative of -v**4/12 - 3*v**3/2 + 2*v**2 - 4*v. Let t be i(-8). Suppose -5*a + t = -2*a. List the prime factors of a.
2
Let s = 238 + -94. Let z = -133 + s. List the prime factors of z.
11
Let a be (-2 + -190)/(9/(-6) - -2). List the prime factors of 1/3 - (1 - a/(-9)).
2, 3, 7
Let d = 62 - 39. Suppose -2*n - 3*s = -3, n - 4 = -3*n - 4*s. Let z = d - n. List the prime factors of z.
23
Suppose 0 = t - 55 + 53. Suppose 0 = -0*f - t*f - v + 164, v - 404 = -5*f. List the prime factors of f.
2, 5
Suppose 166*p = 171*p - 1040. Suppose -1007 = -9*x + p. What are the prime factors of x?
3, 5
Suppose -606 = 7*b - 620. Suppose s = -4 + 6. Suppose 2*a - b = s. List the prime factors of a.
2
Let p(t) = -54*t - 269. List the prime factors of p(-26).
5, 227
Let m be (5 - -4)/(3/(-30)). Let r = m + 156. List the prime factors of r.
2, 3, 11
Let w(v) = -313*v**3 - v**2 - 2*v - 2. List the prime factors of w(-1).
2, 3, 13
Let o(m) = -8*m + 2. Let h be o(-1). What are the prime factors of (-1)/((-1)/h - 0)?
2, 5
Suppose 2*s = -2*s + 8. Suppose -4 = s*o - o. List the prime factors of 0 + -2 + (-32)/o.
2, 3
Suppose 10 - 6 = 2*f. Suppose 7*x - 2*j - 1204 = f*x, -3*x = -3*j - 726. What are the prime factors of x?
2, 3, 5
Suppose -3*i + 137 = -118. Let r = 17 + 30. Let l = i - r. What are the prime factors of l?
2, 19
Suppose 4600 = 3*l + 2*g, 4*l + 185 - 6318 = -3*g. What are the prime factors of l?
2, 13, 59
Suppose -3*v + 25 = -5*h, -v + 4*v = h + 5. Suppose 5*s - q - 765 - 63 = 0, 5*s + 3*q - 816 = v. What are the prime factors of s?
3, 5, 11
Suppose 7*q = 10*q - 30. Let a(x) = -x**3 + 9*x**2 + 10*x + 2. Let z be a(q). Suppose z*c - 6*c = -28. List the prime factors of c.
7
Let x = 2726 - 1937. What are the prime factors of x?
3, 263
Suppose -5*q = 5*r, 5*r = -q - 2 + 18. Suppose -2*n = r*n - 30. Suppose -n*u + 58 = 3*l, -u + 4 + 5 = -2*l. List the prime factors of u.
11
Suppose 27*u - 116448 = -5*u. What are the prime factors of u?
3, 1213
Let j(m) be the first derivative